 the hundreds digit of 1672?
6
What is the hundreds digit of 1830?
8
What is the thousands digit of 4121?
4
What is the thousands digit of 2991?
2
What is the hundreds digit of 6811?
8
What is the tens digit of 42418?
1
What is the tens digit of 16000?
0
What is the thousands digit of 2866?
2
What is the units digit of 1748?
8
What is the thousands digit of 26910?
6
What is the hundreds digit of 119?
1
What is the thousands digit of 6893?
6
What is the tens digit of 726?
2
What is the ten thousands digit of 17374?
1
What is the thousands digit of 2611?
2
What is the ten thousands digit of 26092?
2
What is the tens digit of 27477?
7
What is the hundreds digit of 8447?
4
What is the tens digit of 796?
9
What is the units digit of 76992?
2
What is the units digit of 269?
9
What is the hundreds digit of 1962?
9
What is the tens digit of 1425?
2
What is the units digit of 138957?
7
What is the ten thousands digit of 10322?
1
What is the thousands digit of 2654?
2
What is the hundreds digit of 1913?
9
What is the hundreds digit of 14218?
2
What is the thousands digit of 13872?
3
What is the hundreds digit of 2270?
2
What is the hundreds digit of 3487?
4
What is the tens digit of 5743?
4
What is the tens digit of 11788?
8
What is the tens digit of 49082?
8
What is the hundreds digit of 511?
5
What is the units digit of 1554?
4
What is the units digit of 12746?
6
What is the units digit of 1186?
6
What is the tens digit of 4401?
0
What is the hundreds digit of 3153?
1
What is the hundreds digit of 28910?
9
What is the tens digit of 1014?
1
What is the thousands digit of 32182?
2
What is the units digit of 8060?
0
What is the tens digit of 11961?
6
What is the ten thousands digit of 50419?
5
What is the thousands digit of 1633?
1
What is the thousands digit of 2703?
2
What is the units digit of 935?
5
What is the thousands digit of 2728?
2
What is the thousands digit of 2233?
2
What is the tens digit of 2196?
9
What is the ten thousands digit of 41002?
4
What is the units digit of 36692?
2
What is the hundreds digit of 7983?
9
What is the units digit of 4620?
0
What is the thousands digit of 23933?
3
What is the tens digit of 28393?
9
What is the thousands digit of 1059?
1
What is the tens digit of 4394?
9
What is the tens digit of 351?
5
What is the ten thousands digit of 25561?
2
What is the units digit of 388?
8
What is the hundreds digit of 6446?
4
What is the units digit of 155495?
5
What is the tens digit of 11000?
0
What is the hundreds digit of 12385?
3
What is the hundreds digit of 5515?
5
What is the tens digit of 36320?
2
What is the hundreds digit of 3138?
1
What is the tens digit of 106851?
5
What is the tens digit of 1887?
8
What is the tens digit of 15009?
0
What is the thousands digit of 12937?
2
What is the tens digit of 25016?
1
What is the hundreds digit of 877?
8
What is the tens digit of 9773?
7
What is the units digit of 463?
3
What is the hundreds digit of 11791?
7
What is the units digit of 67311?
1
What is the thousands digit of 1504?
1
What is the tens digit of 81?
8
What is the tens digit of 856?
5
What is the tens digit of 7513?
1
What is the hundreds digit of 2588?
5
What is the ten thousands digit of 16146?
1
What is the units digit of 265?
5
What is the hundreds digit of 33651?
6
What is the ten thousands digit of 14180?
1
What is the thousands digit of 73063?
3
What is the hundreds digit of 462?
4
What is the thousands digit of 8257?
8
What is the hundreds digit of 2155?
1
What is the units digit of 148?
8
What is the hundreds digit of 26197?
1
What is the units digit of 4139?
9
What is the ten thousands digit of 21627?
2
What is the tens digit of 3414?
1
What is the tens digit of 272?
7
What is the tens digit of 4182?
8
What is the units digit of 94?
4
What is the tens digit of 366?
6
What is the tens digit of 1209?
0
What is the thousands digit of 1050?
1
What is the units digit of 7629?
9
What is the thousands digit of 1090?
1
What is the units digit of 289?
9
What is the ten thousands digit of 17542?
1
What is the ten thousands digit of 17432?
1
What is the thousands digit of 2836?
2
What is the ten thousands digit of 53131?
5
What is the ten thousands digit of 100321?
0
What is the tens digit of 2854?
5
What is the hundreds digit of 53220?
2
What is the units digit of 71210?
0
What is the units digit of 3960?
0
What is the thousands digit of 1926?
1
What is the tens digit of 8761?
6
What is the thousands digit of 3053?
3
What is the tens digit of 1278?
7
What is the thousands digit of 18106?
8
What is the tens digit of 91820?
2
What is the hundreds digit of 2638?
6
What is the ten thousands digit of 17325?
1
What is the units digit of 3841?
1
What is the tens digit of 122185?
8
What is the thousands digit of 1165?
1
What is the units digit of 18241?
1
What is the hundreds digit of 2584?
5
What is the tens digit of 1900?
0
What is the tens digit of 3547?
4
What is the tens digit of 640?
4
What is the ten thousands digit of 32938?
3
What is the tens digit of 646?
4
What is the thousands digit of 9681?
9
What is the thousands digit of 12800?
2
What is the hundreds digit of 6448?
4
What is the hundreds digit of 6311?
3
What is the tens digit of 22093?
9
What is the tens digit of 1233?
3
What is the tens digit of 6698?
9
What is the units digit of 36185?
5
What is the units digit of 6825?
5
What is the ten thousands digit of 19987?
1
What is the units digit of 24969?
9
What is the thousands digit of 90492?
0
What is the hundreds digit of 18232?
2
What is the thousands digit of 4128?
4
What is the tens digit of 40952?
5
What is the units digit of 390?
0
What is the ten thousands digit of 66747?
6
What is the thousands digit of 1009?
1
What is the hundreds digit of 1804?
8
What is the units digit of 42602?
2
What is the hundreds digit of 448?
4
What is the units digit of 1539?
9
What is the hundred thousands digit of 129263?
1
What is the units digit of 46637?
7
What is the units digit of 1055?
5
What is the tens digit of 70778?
7
What is the ten thousands digit of 13164?
1
What is the units digit of 20491?
1
What is the units digit of 200?
0
What is the thousands digit of 11371?
1
What is the thousands digit of 5962?
5
What is the thousands digit of 1083?
1
What is the units digit of 1189?
9
What is the ten thousands digit of 171434?
7
What is the tens digit of 35774?
7
What is the ten thousands digit of 19404?
1
What is the tens digit of 10559?
5
What is the tens digit of 2925?
2
What is the ten thousands digit of 17515?
1
What is the hundreds digit of 1680?
6
What is the units digit of 8666?
6
What is the tens digit of 207?
0
What is the hundreds digit of 226?
2
What is the tens digit of 37068?
6
What is the units digit of 1856?
6
What is the hundreds digit of 14059?
0
What is the hundreds digit of 7667?
6
What is the thousands digit of 7921?
7
What is the hundreds digit of 583?
5
What is the tens digit of 2140?
4
What is the units digit of 8765?
5
What is the hundreds digit of 394?
3
What is the thousands digit of 8248?
8
What is the units digit of 5073?
3
What is the hundreds digit of 247?
2
What is the thousands digit of 68986?
8
What is the thousands digit of 21667?
1
What is the hundreds digit of 208?
2
What is the hundreds digit of 797?
7
What is the units digit of 65659?
9
What is the thousands digit of 6568?
6
What is the thousands digit of 19890?
9
What is the tens digit of 804?
0
What is the hundreds digit of 2511?
5
What is the tens digit of 10019?
1
What is the tens digit of 5838?
3
What is the hundreds digit of 1891?
8
What is the units digit of 34310?
0
What is the units digit of 6304?
4
What is the units digit of 2072?
2
What is the thousands digit of 5714?
5
What is the thousands digit of 119248?
9
What is the units digit of 270?
0
What is the tens digit of 1484?
8
What is the thousands digit of 2024?
2
What is the thousands digit of 4528?
4
What is the hundreds digit of 792?
7
What is the thousands digit of 22190?
2
What is the thousands digit of 2344?
2
What is the ten thousands digit of 37784?
3
What is the units digit of 1307?
7
What is the tens digit of 5652?
5
What is the tens digit of 2689?
8
What is the hundreds digit of 9070?
0
What is the ten thousands digit of 27389?
2
What is the hundred